by 8.
7
Calculate the remainder when 96 is divided by 11.
8
Calculate the remainder when 925 is divided by 17.
7
Calculate the remainder when 286 is divided by 24.
22
Calculate the remainder when 573 is divided by 75.
48
Calculate the remainder when 895 is divided by 226.
217
What is the remainder when 3882 is divided by 81?
75
Calculate the remainder when 302 is divided by 4.
2
What is the remainder when 440 is divided by 71?
14
Calculate the remainder when 4301 is divided by 535.
21
Calculate the remainder when 300 is divided by 43.
42
What is the remainder when 23022 is divided by 91?
90
What is the remainder when 3134 is divided by 56?
54
What is the remainder when 475 is divided by 4?
3
What is the remainder when 116 is divided by 39?
38
What is the remainder when 2162 is divided by 5?
2
What is the remainder when 164 is divided by 33?
32
Calculate the remainder when 2978 is divided by 9.
8
Calculate the remainder when 97 is divided by 33.
31
What is the remainder when 57 is divided by 33?
24
What is the remainder when 353 is divided by 50?
3
What is the remainder when 2090 is divided by 2047?
43
Calculate the remainder when 1877 is divided by 4.
1
What is the remainder when 795 is divided by 49?
11
Calculate the remainder when 535 is divided by 8.
7
What is the remainder when 493 is divided by 183?
127
What is the remainder when 6173 is divided by 8?
5
What is the remainder when 83 is divided by 42?
41
What is the remainder when 1322 is divided by 645?
32
What is the remainder when 1654 is divided by 44?
26
Calculate the remainder when 134 is divided by 29.
18
Calculate the remainder when 231 is divided by 80.
71
Calculate the remainder when 229 is divided by 91.
47
What is the remainder when 407 is divided by 51?
50
Calculate the remainder when 406 is divided by 91.
42
What is the remainder when 6191 is divided by 16?
15
What is the remainder when 109 is divided by 28?
25
Calculate the remainder when 276 is divided by 8.
4
Calculate the remainder when 56 is divided by 27.
2
Calculate the remainder when 1287 is divided by 317.
19
What is the remainder when 7062 is divided by 2?
0
What is the remainder when 721 is divided by 148?
129
Calculate the remainder when 176 is divided by 97.
79
What is the remainder when 117 is divided by 4?
1
What is the remainder when 3232 is divided by 55?
42
Calculate the remainder when 123 is divided by 16.
11
Calculate the remainder when 3787 is divided by 1890.
7
What is the remainder when 263 is divided by 94?
75
What is the remainder when 669 is divided by 61?
59
What is the remainder when 2818 is divided by 47?
45
What is the remainder when 342 is divided by 43?
41
What is the remainder when 244 is divided by 232?
12
What is the remainder when 228 is divided by 81?
66
Calculate the remainder when 10562 is divided by 38.
36
What is the remainder when 586 is divided by 31?
28
Calculate the remainder when 26 is divided by 25.
1
What is the remainder when 93 is divided by 43?
7
What is the remainder when 65 is divided by 19?
8
What is the remainder when 76 is divided by 9?
4
What is the remainder when 962 is divided by 265?
167
What is the remainder when 242 is divided by 156?
86
What is the remainder when 45 is divided by 27?
18
Calculate the remainder when 1467 is divided by 38.
23
What is the remainder when 802 is divided by 6?
4
What is the remainder when 180 is divided by 178?
2
Calculate the remainder when 140 is divided by 31.
16
Calculate the remainder when 64 is divided by 33.
31
Calculate the remainder when 91 is divided by 65.
26
What is the remainder when 87 is divided by 61?
26
What is the remainder when 1286 is divided by 379?
149
What is the remainder when 4002 is divided by 15?
12
What is the remainder when 171 is divided by 43?
42
Calculate the remainder when 67 is divided by 15.
7
Calculate the remainder when 553 is divided by 15.
13
What is the remainder when 2882 is divided by 31?
30
What is the remainder when 217 is divided by 22?
19
Calculate the remainder when 2600 is divided by 86.
20
Calculate the remainder when 188 is divided by 63.
62
Calculate the remainder when 79 is divided by 22.
13
Calculate the remainder when 4290 is divided by 1072.
2
Calculate the remainder when 3484 is divided by 14.
12
Calculate the remainder when 296 is divided by 61.
52
Calculate the remainder when 914 is divided by 231.
221
Calculate the remainder when 4813 is divided by 86.
83
Calculate the remainder when 152 is divided by 56.
40
Calculate the remainder when 1326 is divided by 43.
36
Calculate the remainder when 2918 is divided by 127.
124
What is the remainder when 2579 is divided by 43?
42
What is the remainder when 259 is divided by 52?
51
Calculate the remainder when 535 is divided by 174.
13
What is the remainder when 193 is divided by 36?
13
Calculate the remainder when 1114 is divided by 309.
187
Calculate the remainder when 489 is divided by 41.
38
What is the remainder when 67 is divided by 56?
11
Calculate the remainder when 497 is divided by 125.
122
Calculate the remainder when 403 is divided by 45.
43
What is the remainder when 48 is divided by 27?
21
Calculate the remainder when 146 is divided by 15.
11
What is the remainder when 3535 is divided by 16?
15
Calculate the remainder when 115 is divided by 78.
37
What is the remainder when 946 is divided by 13?
10
Calculate the remainder when 1068 is divided by 965.
103
Calculate the remainder when 2841 is divided by 9.
6
What is the remainder when 1018 is divided by 17?
15
Calculate the remainder when 186 is divided by 68.
50
What is the remainder when 152 is divided by 35?
12
Calculate the remainder when 143 is divided by 35.
3
What is the remainder when 27 is divided by 7?
6
What is the remainder when 224 is divided by 15?
14
What is the remainder when 578 is divided by 30?
8
Calculate the remainder when 9049 is divided by 73.
70
Calculate the remainder when 19 is divided by 3.
1
Calculate the remainder when 1098 is divided by 85.
78
What is the remainder when 58 is divided by 10?
8
What is the remainder when 723 is divided by 51?
9
What is the remainder when 3179 is divided by 7?
1
What is the remainder when 42 is divided by 26?
16
Calculate the remainder when 1305 is divided by 426.
27
What is the remainder when 1385 is divided by 73?
71
What is the remainder when 1928 is divided by 71?
11
What is the remainder when 1693 is divided by 113?
111
Calculate the remainder when 1228 is divided by 155.
143
Calculate the remainder when 621 is divided by 212.
197
What is the remainder when 142 is divided by 24?
22
Calculate the remainder when 177 is divided by 13.
8
What is the remainder when 99 is divided by 49?
1
Calculate the remainder when 111 is divided by 21.
6
Calculate the remainder when 50 is divided by 12.
2
What is the remainder when 43 is divided by 6?
1
What is the remainder when 1816 is divided by 32?
24
Calculate the remainder when 25941 is divided by 7.
6
What is the remainder when 878 is divided by 242?
152
What is the remainder when 119 is divided by 12?
11
What is the remainder when 25 is divided by 5?
0
Calculate the remainder when 229 is divided by 41.
24
What is the remainder when 1387 is divided by 460?
7
Calculate the remainder when 372 is divided by 72.
12
Calculate the remainder when 588 is divided by 85.
78
What is the remainder when 4663 is divided by 8?
7
What is the remainder when 165 is divided by 60?
45
What is the remainder when 855 is divided by 66?
63
What is the remainder when 875 is divided by 95?
20
What is the remainder when 78 is divided by 29?
20
What is the remainder when 870 is divided by 70?
30
Calculate the remainder when 1612 is divided by 85.
82
What is the remainder when 4295 is divided by 23?
17
What is the remainder when 1410 is divided by 9?
6
Calculate the remainder when 1550 is divided by 141.
140
What is the remainder when 511 is divided by 32?
31
Calculate the remainder when 3401 is divided by 284.
277
Calculate the remainder when 1555 is divided by 54.
43
Calculate the remainder when 3468 is divided by 57.
48
Calculate the remainder when 1424 is divided by 31.
29
Calculate the remainder when 7796 is divided by 8.
4
Calculate the remainder when 98 is divided by 13.
7
What is the remaind